 = 15*h. What is the remainder when 154 is divided by h?
24
Suppose -3*m = 2*i + 2*i - 3, 0 = -m - 3*i - 4. Suppose 12*r - 203 = m*r. Calculate the remainder when r is divided by (-205)/(-20) - 2/8.
9
Calculate the remainder when (-2)/3 - (-8 + 12001/(-33)) is divided by 62.
61
Let w be (7/(-2)*76)/(-2). Suppose 2*y - w = 89. Calculate the remainder when y is divided by 29.
24
Let n(q) = -q**3 + 3*q**2 + 7*q - 5. Let l be -12*(-2 - 5/(-3)). Calculate the remainder when 19 is divided by n(l).
5
Suppose 5*h - n - 795 = 0, -h - n + 140 = -5*n. Let l be 4/18 + h/9. What is the remainder when (18/l)/(2/62) is divided by 8?
7
Suppose -k - 4*w = -2, -w - 4 = -2*k - 6*w. Let t(h) = 0*h**k + 7 - h**2 + 0*h**2 - 5*h + 0*h. What is the remainder when t(-6) is divided by 1?
0
Let v(m) be the first derivative of -15*m**2/2 - 9*m - 1. Let w(j) = -3*j**2 - 8*j - 2. Let y be w(-3). Calculate the remainder when v(y) is divided by 23.
20
Suppose 0 = -82*b + 86*b - 120. Calculate the remainder when 98 is divided by b.
8
Calculate the remainder when 377 is divided by ((-5)/(-35) - 438/(-21)) + -3.
17
Let u be (1/2)/((-1)/2). What is the remainder when (11/5)/(12/180) is divided by 5/(5/(-12))*u?
9
Let j(p) = p**3 + 60*p**2 - 16*p - 947. Let r = 16 + 20. Calculate the remainder when r is divided by j(-60).
10
Let r(y) = 2*y + 8. Suppose 218*m - 209*m - 81 = 0. Calculate the remainder when r(7) is divided by m.
4
Let k(i) = -i**3 + 10*i**2 + 31*i + 3. Calculate the remainder when k(12) is divided by 72.
15
Let b(p) = -5*p - 4. Let w = 0 - -2. Suppose -5*j - 4*y + 24 = 0, 5*j + w*y - 24 = 8. Calculate the remainder when b(-5) is divided by j.
5
Let x be -30*((-12)/9 - -1). Let w(d) = 5*d**2 + 3*d + 10. Let t be w(-17). What is the remainder when 90 is divided by t/45 + (-2)/x?
28
Suppose h = -2*h + 3*r + 261, 4*h + 5*r - 348 = 0. Let k = h - 70. What is the remainder when 27 is divided by k?
10
Suppose 11*j - 2960 + 617 = 0. Calculate the remainder when j is divided by 8.
5
Suppose 732 = 26*k - 14*k. Calculate the remainder when k is divided by 20.
1
Let f be 18/30 - 197/(-5). Suppose 2*w = -6 + f. Calculate the remainder when 33 is divided by w.
16
Suppose 6*y - 5*b + 671 = 9*y, -b - 456 = -2*y. Calculate the remainder when y is divided by 33.
29
Let j(n) = 2*n**2 - 41*n - 6. Let p be j(17). Let q = 408 + p. Calculate the remainder when q is divided by 71.
70
Let x(y) = -5*y**2 - 17*y - 14. Let a(n) = -9*n**2 - 34*n - 28. Let o(r) = 4*a(r) - 7*x(r). Calculate the remainder when 8 is divided by o(-16).
0
Let c = 22 + 2. Let x = c - 3. Calculate the remainder when 39 is divided by x.
18
Suppose -48*w + 45*w = 30. Let a = w - -20. What is the remainder when a is divided by 3?
1
Suppose 5*l + 4*s = 70 + 78, 0 = -4*l + s + 131. Let f = -592 + 685. What is the remainder when f is divided by l?
29
Suppose -59 = -3*s + 5*t, 23*s - 5*t + 49 = 26*s. What is the remainder when s is divided by 8?
2
Let w(k) = -2*k**2 - 27 - 9*k + 15*k + 17*k + 31. What is the remainder when 59 is divided by w(11)?
14
Suppose 32 = 4*i - 4*k, i + 2*k = -4 - 0. Suppose -i = 2*n - 6. What is the remainder when 1 is divided by n?
0
Let h be 6*(-2)/(-18) + (-4)/6. Suppose 4*v + 7*v - 528 = h. Calculate the remainder when v is divided by 10.
8
What is the remainder when 248 is divided by (-10)/(-55) - (-1 + 1310/(-55))?
23
Calculate the remainder when 536/(-16)*-4 + 6 is divided by 73.
67
Suppose 45 = -3*a - 4*x, -5*x = 2*a - x + 26. Let y = 8 - a. What is the remainder when y is divided by (-114)/(-8) + 1/(-4)?
13
Suppose 5*q - 4*o - 50 = 0, -3*q = -3*o - 22 - 8. Let a = 68 - 120. Let j = -26 - a. What is the remainder when j is divided by q?
6
Let j = -296 - -556. Suppose 13*o - 8*o = j. Calculate the remainder when o is divided by 18.
16
Let x(h) = -h**2 + 18*h + 6. Let d be 2/3 - (-6)/(-9). Suppose 2*m + 3*i - 21 = d, 5*m = 4*m + 5*i + 43. Calculate the remainder when x(15) is divided by m.
15
Let u(h) = -4*h - 86. What is the remainder when 106 is divided by u(-27)?
18
Suppose s - 38 = -x, -2*s + 7*s - 226 = 4*x. Let i(r) = -r**2 + 4*r + 2. Let k be i(4). Suppose -k*c + 11 = -c. Calculate the remainder when s is divided by c.
9
Let k = -5 - -33. What is the remainder when k is divided by 6/((-2)/17 - (-134)/272)?
12
Suppose -14 = -6*r + 4. What is the remainder when 32 is divided by 22/(-3)*r/(-2)?
10
Calculate the remainder when 18/(-10)*(-10)/1 is divided by (-1)/(-2) - 65/(-10).
4
Let k = 31 + -29. Suppose 4*r - 40 = 3*h, -6 = 2*r - k*h - 28. Calculate the remainder when r is divided by 2.
1
Let o = 83 - 20. Let u = 40 + -24. Calculate the remainder when o is divided by u.
15
What is the remainder when (102 - 0/1)*17/34 is divided by 39?
12
Suppose 2*d + 82 + 26 = 0. Suppose -5*g + 38*b - 56 = 40*b, -g = -2*b + 4. Let m = g - d. What is the remainder when m is divided by 15?
14
Let y = -75 + 71. What is the remainder when 189 is divided by (-140)/21*9/y + 4?
18
Let z be ((-14)/4)/(1/2). Let r(y) = -y**3 + 24*y**2 + 28*y - 37. Let w be r(25). Let i = w + z. What is the remainder when i is divided by 8?
7
Suppose 0 = 2*y - 2*q - 28, 4*q - 38 = -3*y + 6*q. Let t = 62 + -62. Suppose 4*r + 8 = t, -3*r = -v + 14 - 2. Calculate the remainder when y is divided by v.
4
Let l(r) = 11*r**2 - 46*r - 227. Calculate the remainder when l(-5) is divided by 86.
20
Let r(s) = 2*s**3 + 64*s**2 - 4*s - 105. What is the remainder when 178 is divided by r(-32)?
17
Suppose 0 = -2*d + r - 4*r - 5, -5 = 5*d + 5*r. Suppose -d*q = -61 - 89. Calculate the remainder when q is divided by 19.
18
Suppose -5*v + 14 = -1. Let f be -78*v/(-6) - 2. Let a = f + -15. What is the remainder when 65 is divided by a?
21
Let h = 378 + -198. Let j = h - 78. Calculate the remainder when j is divided by 35.
32
Suppose 3 = 2*j - 23. Suppose -z = 4*a - 1, -3*z - j = -a - 81. Suppose 78 = 3*w + z. Calculate the remainder when 56 is divided by w.
18
Let i(d) = d + 14. Let u = -65 + 62. Calculate the remainder when 96 is divided by i(u).
8
Let q = -35 + 41. Calculate the remainder when 38 is divided by ((-28)/q)/(32/(-144)).
17
Suppose -c + 140 = 5*u - 5*c, 5*u + 5*c = 95. Let m be (18/4)/((-4)/(-40)). Let l = m - u. What is the remainder when l is divided by 13?
8
Let b be ((-22)/(-4) - -1)*(-22 + 26). Suppose -8*c + 6*c + b = 0. Calculate the remainder when 37 is divided by c.
11
Let c = 2 + 1. Suppose 2*m = c*m - 3. Suppose -2*n = -m*x + 2*n + 69, 5*n - 61 = -4*x. What is the remainder when 37 is divided by x?
18
Let b(l) = -28*l + 293. Calculate the remainder when b(0) is divided by 8.
5
Let i(u) = 2*u**2 + 2*u - 2. Suppose 72 + 78 = 25*m. Calculate the remainder when i(-4) is divided by m.
4
Let h(i) = i + 1. Let b(u) = -12*u + 1. Let d(z) = -b(z) - 2*h(z). Calculate the remainder when -2*(-2)/(-14) + 12404/196 is divided by d(2).
12
Suppose -2*f = 2*f - 72. Let x = -105 + 144. Suppose 140 = -37*c + x*c. What is the remainder when c is divided by f?
16
Suppose -2*m = -g - 69, -m + 4*m + 5*g = 71. Let v(d) = -3*d + 77. Calculate the remainder when m is divided by v(20).
15
Let u(b) be the first derivative of -8*b**2 - 21*b - 26. What is the remainder when u(-4) is divided by 12?
7
Let c(y) = 32*y**2 - 5*y - 6. What is the remainder when 69 is divided by c(-1)?
7
Suppose 389 = 3*f - 5*c - 258, 3*c - 6 = 0. What is the remainder when f is divided by 10?
9
What is the remainder when 55 is divided by ((-78)/(-12) - 5)/(39/494)?
17
Calculate the remainder when (-2 - 3*-2)*725/100 is divided by 4.
1
What is the remainder when 120 is divided by 1/(3/85) - 200/150?
12
Suppose 0 = 4*t - q - 113, 67 - 1 = 3*t + 3*q. Suppose 0 = 12*m - 7*m - 505. What is the remainder when m is divided by t?
20
Suppose 3*g - 1 = 5. Suppose -g*p + 6 = 5*z + 19, 5*p + 4*z = -24. What is the remainder when 67*1 - (p + 3) is divided by 23?
22
Suppose -5*t - s = -1113, -t + 6*s + 221 = 7*s. Calculate the remainder when t is divided by 14.
13
Let i = -69 + 71. Suppose 0 = i*z + 15 - 203. Calculate the remainder when z is divided by 16.
14
Suppose -b - 4*b - 10 = 0, -5*b = 3*o - 2. Let c = 58 + o. What is the remainder when c is divided by 21?
20
Let p(c) = -14*c. Let z be p(1). Let l = z + 17. Suppose -6 + 1 = -m. What is the remainder when m is divided by l?
2
Suppo